8)/84. Suppose 0 = -145*c + 144*c + 96. What is the highest common factor of g and c?
16
Suppose -1692*q = -1697*q + 825. Calculate the highest common divisor of 15 and q.
15
Suppose -3*a + 51 = 3*u, -115 = 4*a - 123. Suppose -4*s - 2*l = -11 - 11, 2*l - 2 = 0. What is the greatest common divisor of u and s?
5
Let z be 50*(2 + (2 - 2)). Suppose 3*d - 2*q - 124 = 0, 4*q = 4*d - 585 + 417. Calculate the highest common divisor of d and z.
20
Let r(o) = o**3 - o**2 - 46*o + 21. Let j be r(9). What is the highest common divisor of j and 15?
15
Let i be 5032/357 - ((-38)/42 - -1). Suppose h - 3*u - 11 = 0, -4*h = 2*u + 1 - 3. Calculate the highest common divisor of h and i.
2
Let w = -62 + 227. What is the highest common divisor of 440 and w?
55
Suppose -31*y = -36*y + 120. What is the highest common divisor of y and 30?
6
Suppose f + 199 = 5*o, -5*o - 3*f + 205 = 2*f. Let z(x) = 202*x + 232. Let p be z(-1). Calculate the highest common factor of o and p.
10
Let i = 382 + -290. Calculate the highest common factor of 391 and i.
23
Suppose 4291 + 10829 = 30*t. Calculate the highest common factor of 70 and t.
14
Suppose 0 = -30*j + 199 + 221. Calculate the greatest common factor of j and 77.
7
Let d(q) = -q**2 + 39*q - 74. Let f be d(4). Suppose 66 = 3*o - 0*o. What is the highest common factor of f and o?
22
Let q(f) = 8*f - 128. Let p be q(29). Calculate the greatest common factor of 260 and p.
52
Let v(g) = -103*g**3 + g**2 + 1. Let o be v(-1). Calculate the greatest common divisor of 15 and o.
15
Let l be -15 + (4 - 4)/4. Let n be l + 14 + 4*44. What is the greatest common factor of n and 35?
35
Let x be (1 - -19)/(4/8). Let f be x/50*5/2. Suppose 3 = q, q + 0*q + 239 = f*i. What is the highest common divisor of i and 11?
11
Let o = -3 - -23. Let i(v) = -10*v. Let b be i(-1). What is the greatest common divisor of b and o?
10
Let t be 20/(-15)*1/((-3)/135). Calculate the greatest common factor of 75 and t.
15
Let n be (-2 + 5)/(-9)*(1 - 16). What is the highest common factor of n and 655?
5
Suppose 2*q + 5*u = 296, 203 = 3*q - u - 258. Let v be (9 - q)/(-2 + 1). Calculate the highest common divisor of v and 18.
18
Let i(j) = 34*j - 4. Let n be i(3). Let a = -11833 - -11847. What is the greatest common factor of a and n?
14
Let q(k) be the third derivative of k**5/20 - k**4/12 + 25*k**2. Let a be q(-5). What is the greatest common divisor of 17 and a?
17
Let u(i) be the first derivative of 152*i**3/3 + i**2/2 - i - 4. Let b be u(1). Calculate the greatest common divisor of b and 19.
19
Suppose 0 = -2*u + n + 7, 4*u + 3*n - 7 = 2. Suppose -u*i + 28 = 10. Let a be (48/(-18))/((-1)/i). Calculate the highest common divisor of a and 80.
16
Let t be 13 - 4 - (-1 + 2). Calculate the greatest common divisor of t and 328.
8
Suppose -70*p + 2904 = -26*p. What is the highest common divisor of p and 60?
6
Let x be ((-6561)/2)/(-9) + (-1)/(-2). What is the highest common factor of x and 219?
73
Suppose 0 = -0*d - 3*d - 4*w - 91, -d - 4*w = 41. Let r be (-1)/(-5) - (-5)/d*-314. Calculate the highest common factor of r and 18.
9
Suppose -f + 1 = 3, -3*j = 3*f - 174. Let l be 12/j - (-6)/(-5). Let o be -11*(4 + 5/l). What is the greatest common divisor of 99 and o?
11
Suppose -994 - 50 = -12*a. Calculate the greatest common factor of 3 and a.
3
Let m = -20 - -24. Suppose 0 - 24 = -m*v. What is the highest common factor of 21 and v?
3
Let k = 468 + -451. What is the highest common divisor of 323 and k?
17
Suppose s - 5*z = 25, 3*s - z + 0*z = 117. Let i(q) = 6*q**2 - 6*q + 5. Let t be i(-6). Let p = -157 + t. What is the greatest common divisor of p and s?
20
Let r be -6 + 3 + (-59 - 1). Let q = r - -89. Let z be (-111)/(-9) - (-4)/6. What is the highest common divisor of q and z?
13
Suppose -25*x + 33*x = 480. What is the highest common divisor of x and 84?
12
Let d be (-2)/((1/2)/((-24)/16)). Let x be 51 + 3 + -3 - -3. What is the greatest common factor of d and x?
6
Let j = 324 + -164. Suppose 3*x + 2*q - 33 = 17, 4*x = 5*q + 105. Calculate the highest common divisor of j and x.
20
Let o(t) = 2*t**3 - 12*t**2 - 7*t - 41. Let c be o(10). Calculate the greatest common divisor of c and 53.
53
Let y(f) = -f**3 + 6*f**2 - 4*f + 3. Let n be y(3). Suppose -4 = -s + 88 - 20. Calculate the greatest common divisor of s and n.
18
Let l be (-1)/(-3) + (-1484)/(-21). Suppose -3*s + 301 = -l. What is the greatest common factor of s and 31?
31
Let z = -114 + 126. Suppose z = -2*c + 3*c. What is the greatest common divisor of c and 3?
3
Let y(a) = 3*a. Let g be y(1). Let h be g/(((-1)/(-1))/1). Let k = 9906 - 9897. What is the highest common divisor of k and h?
3
Suppose -743 = -3*z + 127. What is the greatest common divisor of z and 10?
10
Let q(a) = -38*a + 14. Let x be q(-2). Calculate the highest common factor of 30 and x.
30
Suppose 5*h = 0, -6*g = -3*g + h - 240. Let m = 58 + -18. What is the greatest common factor of g and m?
40
Let v(j) = j**3 - 7*j**2 - j - 23. Let n be v(8). Calculate the highest common factor of 363 and n.
33
Let a = -448 - -468. What is the highest common divisor of 25 and a?
5
Let d = -33 - -11. Let s = 25 + d. What is the highest common factor of 9 and s?
3
Let k be 1/(36/606) - 3/(-18). Let w = 230 - -8. What is the greatest common factor of w and k?
17
Suppose 44*m = 41*m - 33. Let a(p) = -7*p - 27. Let h be a(m). Calculate the highest common divisor of 10 and h.
10
Let n(m) = -m**2 + 5*m - 3. Let o be n(2). Suppose 50 = o*r + 2*r. Calculate the greatest common divisor of r and 10.
10
Let h be 8962/4 - (-73)/146. What is the greatest common divisor of 166 and h?
83
Let u = 9 + 8. Suppose -23*n = -18*n - 680. What is the highest common divisor of u and n?
17
Suppose 432 = 2*x - 5*n, 753 = 4*x - 4*n - 111. Calculate the greatest common divisor of x and 8.
8
Let a(k) be the second derivative of -3*k**3 - 13*k**2/2 + 2*k. Let z be a(-2). Calculate the greatest common factor of z and 23.
23
Let x(f) = 24*f**2 - 18*f + 2. Let j be x(3). Calculate the greatest common factor of j and 41.
41
Let n(w) = 25*w - 3. Let t be n(6). Let f = -12 - -37. Suppose -4*i = -f - 59. Calculate the highest common divisor of t and i.
21
Let r(j) = 2*j**2 + 45*j - 62. Let q be r(-24). Calculate the greatest common factor of 5 and q.
5
Suppose 5*l = 4*c + 654, -12*c - 3 = -9*c. Calculate the highest common divisor of 30 and l.
10
Let n(d) = -3*d + 177. Let l be n(47). Calculate the highest common divisor of 8 and l.
4
Let w(b) = 34*b - 1. Let j be w(8). Suppose u + 415 = -4*u - h, -3*u = 5*h + j. Let g be (-3)/(-6) + u/(-4). Calculate the highest common factor of 3 and g.
3
Let x(r) = -r**3 - 3*r**2 - 6*r - 4. Let p be x(-2). Let o = 19 - -53. Let h = o - 44. What is the greatest common factor of h and p?
4
Let f be 6 - 0*6/18. Calculate the greatest common factor of f and 15.
3
Suppose 3*o + 4 = 10. Suppose -o*u - 3*u = 0. Suppose 3*x + 0*x - 204 = u. Calculate the highest common divisor of x and 17.
17
Let p be (4/5)/((-2)/(-50)). Suppose -2*t - 2*t = -80. Suppose 75 = 5*f - 4*y - y, -4*f + t = 4*y. What is the highest common divisor of p and f?
10
Let z = 27 - 31. Let h be (-11)/(33/(-18)) + z. What is the highest common divisor of 16 and h?
2
Let t(z) = 10*z**2 + z - 3. Let d be t(-3). Let i = 84 + -60. Suppose -2*g + 0*g + i = 0. What is the greatest common divisor of g and d?
12
Let l = -13 - -13. Suppose l*y - y + 68 = -4*q, 0 = 5*y + 4*q - 316. Let p = y + 0. What is the highest common factor of 16 and p?
16
Let c = 209 - 137. What is the highest common factor of c and 16?
8
Suppose -4*v = -5*o + 940, 4*o = -0*o + 4*v + 748. Calculate the greatest common divisor of o and 216.
24
Let j = 18 + -16. Suppose -2*p + 9 = 4*m - 5*p, 17 = j*m + p. What is the highest common factor of m and 6?
6
Let h(j) = -6*j**3 - 5*j**2 - 17*j + 1. Let f be h(-2). Calculate the greatest common factor of f and 45.
9
Suppose 6*d + 363 = d - 3*m, -5*d + 3*m = 387. Let j = d + 105. Calculate the greatest common factor of 40 and j.
10
Let m be 19/7 - 12/(-42). Let c be (2 + 1)/m - 1. Suppose c*j = -3*j + 12, -4*u - 2*j + 16 = 0. Calculate the greatest common divisor of u and 1.
1
Let a be (-22)/(-99) - (0 + (-2966)/18). What is the highest common factor of a and 15?
15
Suppose 0 = 2*w - 5